{"id":452,"date":"2025-11-05T13:10:13","date_gmt":"2025-11-05T18:10:13","guid":{"rendered":"https:\/\/inversionesquitasuenos.com.co\/?page_id=452"},"modified":"2025-11-05T13:19:49","modified_gmt":"2025-11-05T18:19:49","slug":"impresion-litografica","status":"publish","type":"page","link":"https:\/\/inversionesquitasuenos.com.co\/index.php\/impresion-litografica\/","title":{"rendered":"Impresi\u00f3n Litografica"},"content":{"rendered":"\t\t<div data-elementor-type=\"wp-page\" data-elementor-id=\"452\" class=\"elementor elementor-452\">\n\t\t\t\t<div class=\"elementor-element elementor-element-83077ae e-flex e-con-boxed e-con e-parent\" data-id=\"83077ae\" data-element_type=\"container\">\n\t\t\t\t\t<div class=\"e-con-inner\">\n\t\t<div class=\"elementor-element elementor-element-becd6e6 e-con-full e-flex e-con e-child\" data-id=\"becd6e6\" data-element_type=\"container\">\n\t\t\t\t<div class=\"elementor-element elementor-element-e30c0da elementor-arrows-position-inside elementor-pagination-position-outside elementor-widget elementor-widget-image-carousel\" data-id=\"e30c0da\" data-element_type=\"widget\" data-settings=\"{&quot;slides_to_show&quot;:&quot;1&quot;,&quot;navigation&quot;:&quot;both&quot;,&quot;autoplay&quot;:&quot;yes&quot;,&quot;pause_on_hover&quot;:&quot;yes&quot;,&quot;pause_on_interaction&quot;:&quot;yes&quot;,&quot;autoplay_speed&quot;:5000,&quot;infinite&quot;:&quot;yes&quot;,&quot;effect&quot;:&quot;slide&quot;,&quot;speed&quot;:500}\" data-widget_type=\"image-carousel.default\">\n\t\t\t\t\t\t\t<div class=\"elementor-image-carousel-wrapper swiper\" role=\"region\" aria-roledescription=\"carousel\" aria-label=\"Carrusel de im\u00e1genes\" dir=\"ltr\">\n\t\t\t<div class=\"elementor-image-carousel swiper-wrapper\" aria-live=\"off\">\n\t\t\t\t\t\t\t\t<div class=\"swiper-slide\" role=\"group\" aria-roledescription=\"slide\" aria-label=\"1 of 3\"><figure class=\"swiper-slide-inner\"><img decoding=\"async\" class=\"swiper-slide-image\" src=\"https:\/\/inversionesquitasuenos.com.co\/wp-content\/uploads\/2025\/11\/tripticos.png\" alt=\"tripticos\" \/><\/figure><\/div><div class=\"swiper-slide\" role=\"group\" aria-roledescription=\"slide\" aria-label=\"2 of 3\"><figure class=\"swiper-slide-inner\"><img decoding=\"async\" class=\"swiper-slide-image\" src=\"https:\/\/inversionesquitasuenos.com.co\/wp-content\/uploads\/2025\/11\/Volantes-CArta.png\" alt=\"Volantes CArta\" \/><\/figure><\/div><div class=\"swiper-slide\" role=\"group\" aria-roledescription=\"slide\" aria-label=\"3 of 3\"><figure class=\"swiper-slide-inner\"><img decoding=\"async\" class=\"swiper-slide-image\" src=\"https:\/\/inversionesquitasuenos.com.co\/wp-content\/uploads\/2025\/11\/Millar-de-TArjetas.png\" alt=\"Millar de TArjetas\" \/><\/figure><\/div>\t\t\t<\/div>\n\t\t\t\t\t\t\t\t\t\t\t\t<div class=\"elementor-swiper-button elementor-swiper-button-prev\" role=\"button\" tabindex=\"0\">\n\t\t\t\t\t\t<svg aria-hidden=\"true\" class=\"e-font-icon-svg e-eicon-chevron-left\" viewBox=\"0 0 1000 1000\" xmlns=\"http:\/\/www.w3.org\/2000\/svg\"><path d=\"M646 125C629 125 613 133 604 142L308 442C296 454 292 471 292 487 292 504 296 521 308 533L604 854C617 867 629 875 646 875 663 875 679 871 692 858 704 846 713 829 713 812 713 796 708 779 692 767L438 487 692 225C700 217 708 204 708 187 708 171 704 154 692 142 675 129 663 125 646 125Z\"><\/path><\/svg>\t\t\t\t\t<\/div>\n\t\t\t\t\t<div class=\"elementor-swiper-button elementor-swiper-button-next\" role=\"button\" tabindex=\"0\">\n\t\t\t\t\t\t<svg aria-hidden=\"true\" class=\"e-font-icon-svg e-eicon-chevron-right\" viewBox=\"0 0 1000 1000\" xmlns=\"http:\/\/www.w3.org\/2000\/svg\"><path d=\"M696 533C708 521 713 504 713 487 713 471 708 454 696 446L400 146C388 133 375 125 354 125 338 125 325 129 313 142 300 154 292 171 292 187 292 204 296 221 308 233L563 492 304 771C292 783 288 800 288 817 288 833 296 850 308 863 321 871 338 875 354 875 371 875 388 867 400 854L696 533Z\"><\/path><\/svg>\t\t\t\t\t<\/div>\n\t\t\t\t\n\t\t\t\t\t\t\t\t\t<div class=\"swiper-pagination\"><\/div>\n\t\t\t\t\t\t\t\t\t<\/div>\n\t\t\t\t\t\t<\/div>\n\t\t\t\t<\/div>\n\t\t<div class=\"elementor-element elementor-element-b6408f1 e-con-full e-flex e-con e-child\" data-id=\"b6408f1\" data-element_type=\"container\">\n\t\t\t\t<div class=\"elementor-element elementor-element-77d101b elementor-widget elementor-widget-heading\" data-id=\"77d101b\" data-element_type=\"widget\" data-widget_type=\"heading.default\">\n\t\t\t\t\t<h2 class=\"elementor-heading-title elementor-size-default\">IMPRESI\u00d3N LITOGRAFICA<\/h2>\t\t\t\t<\/div>\n\t\t\t\t<div class=\"elementor-element elementor-element-fee7b6d elementor-widget elementor-widget-text-editor\" data-id=\"fee7b6d\" data-element_type=\"widget\" data-widget_type=\"text-editor.default\">\n\t\t\t\t\t\t\t\t\t<p>Impresi\u00f3n Litografica en grandes cantidades, maximiza tus recursos, con calidad y excelentes precios, en todo tipo de mater\u00e1l impreso, desde tarjetas hasta libros,\u00a0<\/p><ul><li>Tarjetas de Precentaci\u00f3n<\/li><li>Volantes<\/li><li>Cat\u00e1logos, Flayer<\/li><li>Libros,\u00a0<\/li><li>Cartillas<\/li><li>Carpetas<\/li><li>Cajas<\/li><li>Acabados, Mate, Brillante UV<\/li><\/ul>\t\t\t\t\t\t\t\t<\/div>\n\t\t\t\t<div class=\"elementor-element elementor-element-ae0456c elementor-widget elementor-widget-button\" data-id=\"ae0456c\" data-element_type=\"widget\" data-widget_type=\"button.default\">\n\t\t\t\t\t\t\t\t\t\t<a class=\"elementor-button elementor-button-link elementor-size-sm\" href=\"https:\/\/api.whatsapp.com\/send\/?phone=573208024018&#038;text=Hola%2C+Quisiera+solicitar\">\n\t\t\t\t\t\t<span class=\"elementor-button-content-wrapper\">\n\t\t\t\t\t\t\t\t\t<span class=\"elementor-button-text\">COMUNICATE CON UN ASESOR<\/span>\n\t\t\t\t\t<\/span>\n\t\t\t\t\t<\/a>\n\t\t\t\t\t\t\t\t<\/div>\n\t\t\t\t<div class=\"elementor-element elementor-element-016a557 elementor-widget elementor-widget-image\" data-id=\"016a557\" data-element_type=\"widget\" data-widget_type=\"image.default\">\n\t\t\t\t\t\t\t\t\t\t\t\t\t\t\t<img fetchpriority=\"high\" decoding=\"async\" width=\"1024\" height=\"585\" src=\"https:\/\/inversionesquitasuenos.com.co\/wp-content\/uploads\/2025\/11\/la-imprenta-moderna-produce-impresiones-multicolores-generadas-con-precision-por-ia-1024x585.jpg\" class=\"attachment-large size-large wp-image-469\" alt=\"\" srcset=\"https:\/\/inversionesquitasuenos.com.co\/wp-content\/uploads\/2025\/11\/la-imprenta-moderna-produce-impresiones-multicolores-generadas-con-precision-por-ia-1024x585.jpg 1024w, https:\/\/inversionesquitasuenos.com.co\/wp-content\/uploads\/2025\/11\/la-imprenta-moderna-produce-impresiones-multicolores-generadas-con-precision-por-ia-300x171.jpg 300w, https:\/\/inversionesquitasuenos.com.co\/wp-content\/uploads\/2025\/11\/la-imprenta-moderna-produce-impresiones-multicolores-generadas-con-precision-por-ia-768x439.jpg 768w, https:\/\/inversionesquitasuenos.com.co\/wp-content\/uploads\/2025\/11\/la-imprenta-moderna-produce-impresiones-multicolores-generadas-con-precision-por-ia-1536x878.jpg 1536w, https:\/\/inversionesquitasuenos.com.co\/wp-content\/uploads\/2025\/11\/la-imprenta-moderna-produce-impresiones-multicolores-generadas-con-precision-por-ia-2048x1170.jpg 2048w\" sizes=\"(max-width: 1024px) 100vw, 1024px\" \/>\t\t\t\t\t\t\t\t\t\t\t\t\t\t\t<\/div>\n\t\t\t\t<\/div>\n\t\t\t\t\t<\/div>\n\t\t\t\t<\/div>\n\t\t\t\t<\/div>\n\t\t","protected":false},"excerpt":{"rendered":"<p>IMPRESI\u00d3N LITOGRAFICA Impresi\u00f3n Litografica en grandes cantidades, maximiza tus recursos, con calidad y excelentes precios, en todo tipo de mater\u00e1l impreso, desde tarjetas hasta libros,\u00a0 Tarjetas de Precentaci\u00f3n Volantes Cat\u00e1logos, Flayer Libros,\u00a0 Cartillas Carpetas Cajas Acabados, Mate, Brillante UV COMUNICATE CON UN ASESOR<\/p>\n","protected":false},"author":1,"featured_media":0,"parent":0,"menu_order":0,"comment_status":"closed","ping_status":"closed","template":"","meta":{"footnotes":""},"class_list":["post-452","page","type-page","status-publish","hentry"],"_links":{"self":[{"href":"https:\/\/inversionesquitasuenos.com.co\/index.php\/wp-json\/wp\/v2\/pages\/452","targetHints":{"allow":["GET"]}}],"collection":[{"href":"https:\/\/inversionesquitasuenos.com.co\/index.php\/wp-json\/wp\/v2\/pages"}],"about":[{"href":"https:\/\/inversionesquitasuenos.com.co\/index.php\/wp-json\/wp\/v2\/types\/page"}],"author":[{"embeddable":true,"href":"https:\/\/inversionesquitasuenos.com.co\/index.php\/wp-json\/wp\/v2\/users\/1"}],"replies":[{"embeddable":true,"href":"https:\/\/inversionesquitasuenos.com.co\/index.php\/wp-json\/wp\/v2\/comments?post=452"}],"version-history":[{"count":28,"href":"https:\/\/inversionesquitasuenos.com.co\/index.php\/wp-json\/wp\/v2\/pages\/452\/revisions"}],"predecessor-version":[{"id":482,"href":"https:\/\/inversionesquitasuenos.com.co\/index.php\/wp-json\/wp\/v2\/pages\/452\/revisions\/482"}],"wp:attachment":[{"href":"https:\/\/inversionesquitasuenos.com.co\/index.php\/wp-json\/wp\/v2\/media?parent=452"}],"curies":[{"name":"wp","href":"https:\/\/api.w.org\/{rel}","templated":true}]}}